{"id":452,"date":"2026-03-11T19:19:42","date_gmt":"2026-03-11T22:19:42","guid":{"rendered":"https:\/\/agrosanservicios.cl\/?page_id=452"},"modified":"2026-03-11T19:22:24","modified_gmt":"2026-03-11T22:22:24","slug":"curacavi","status":"publish","type":"page","link":"https:\/\/agrosanservicios.cl\/index.php\/curacavi\/","title":{"rendered":"Curacav\u00ed"},"content":{"rendered":"\t\t<div data-elementor-type=\"wp-page\" data-elementor-id=\"452\" class=\"elementor elementor-452\" data-elementor-post-type=\"page\">\n\t\t\t\t<div class=\"elementor-element elementor-element-436dbf29 e-flex e-con-boxed e-con e-parent\" data-id=\"436dbf29\" data-element_type=\"container\">\n\t\t\t\t\t<div class=\"e-con-inner\">\n\t\t\t\t<div class=\"elementor-element elementor-element-50ec9665 elementor-widget elementor-widget-heading\" data-id=\"50ec9665\" data-element_type=\"widget\" data-widget_type=\"heading.default\">\n\t\t\t\t<div class=\"elementor-widget-container\">\n\t\t\t<style>\/*! elementor - v3.21.0 - 26-05-2024 *\/\n.elementor-heading-title{padding:0;margin:0;line-height:1}.elementor-widget-heading .elementor-heading-title[class*=elementor-size-]>a{color:inherit;font-size:inherit;line-height:inherit}.elementor-widget-heading .elementor-heading-title.elementor-size-small{font-size:15px}.elementor-widget-heading .elementor-heading-title.elementor-size-medium{font-size:19px}.elementor-widget-heading .elementor-heading-title.elementor-size-large{font-size:29px}.elementor-widget-heading .elementor-heading-title.elementor-size-xl{font-size:39px}.elementor-widget-heading .elementor-heading-title.elementor-size-xxl{font-size:59px}<\/style><h2 class=\"elementor-heading-title elementor-size-default\">Arriendo de Ba\u00f1os Qu\u00edmicos en Mar\u00eda Pinto<\/h2>\t\t<\/div>\n\t\t\t\t<\/div>\n\t\t\t\t\t<\/div>\n\t\t\t\t<\/div>\n\t\t<div class=\"elementor-element elementor-element-4c92d0fc e-flex e-con-boxed e-con e-parent\" data-id=\"4c92d0fc\" data-element_type=\"container\">\n\t\t\t\t\t<div class=\"e-con-inner\">\n\t\t\t\t<div class=\"elementor-element elementor-element-38947453 elementor-widget elementor-widget-text-editor\" data-id=\"38947453\" data-element_type=\"widget\" data-widget_type=\"text-editor.default\">\n\t\t\t\t<div class=\"elementor-widget-container\">\n\t\t\t<style>\/*! elementor - v3.21.0 - 26-05-2024 *\/\n.elementor-widget-text-editor.elementor-drop-cap-view-stacked .elementor-drop-cap{background-color:#69727d;color:#fff}.elementor-widget-text-editor.elementor-drop-cap-view-framed .elementor-drop-cap{color:#69727d;border:3px solid;background-color:transparent}.elementor-widget-text-editor:not(.elementor-drop-cap-view-default) .elementor-drop-cap{margin-top:8px}.elementor-widget-text-editor:not(.elementor-drop-cap-view-default) .elementor-drop-cap-letter{width:1em;height:1em}.elementor-widget-text-editor .elementor-drop-cap{float:left;text-align:center;line-height:1;font-size:50px}.elementor-widget-text-editor .elementor-drop-cap-letter{display:inline-block}<\/style>\t\t\t\t<p><strong>En Agrosan Servicios nos especializamos en brindar soluciones sanitarias de alta calidad para el sector agr\u00edcola y proyectos de construcci\u00f3n en parcelas. Entregamos equipos sanitarios port\u00e1tiles certificados, con mantenciones programadas que garantizan higiene y cumplimiento de normativas en toda la comuna.<\/strong><\/p>\t\t\t\t\t\t<\/div>\n\t\t\t\t<\/div>\n\t\t\t\t<div class=\"elementor-element elementor-element-41d4940a elementor-widget elementor-widget-google_maps\" data-id=\"41d4940a\" data-element_type=\"widget\" data-widget_type=\"google_maps.default\">\n\t\t\t\t<div class=\"elementor-widget-container\">\n\t\t\t<style>\/*! elementor - v3.21.0 - 26-05-2024 *\/\n.elementor-widget-google_maps .elementor-widget-container{overflow:hidden}.elementor-widget-google_maps .elementor-custom-embed{line-height:0}.elementor-widget-google_maps iframe{height:300px}<\/style>\t\t<div class=\"elementor-custom-embed\">\n\t\t\t<iframe loading=\"lazy\"\n\t\t\t\t\tsrc=\"https:\/\/maps.google.com\/maps?q=Curacavi&#038;t=m&#038;z=10&#038;output=embed&#038;iwloc=near\"\n\t\t\t\t\ttitle=\"Curacavi\"\n\t\t\t\t\taria-label=\"Curacavi\"\n\t\t\t><\/iframe>\n\t\t<\/div>\n\t\t\t\t<\/div>\n\t\t\t\t<\/div>\n\t\t\t\t<div class=\"elementor-element elementor-element-6e9c6af elementor-widget elementor-widget-image\" data-id=\"6e9c6af\" data-element_type=\"widget\" data-widget_type=\"image.default\">\n\t\t\t\t<div class=\"elementor-widget-container\">\n\t\t\t<style>\/*! elementor - v3.21.0 - 26-05-2024 *\/\n.elementor-widget-image{text-align:center}.elementor-widget-image a{display:inline-block}.elementor-widget-image a img[src$=\".svg\"]{width:48px}.elementor-widget-image img{vertical-align:middle;display:inline-block}<\/style>\t\t\t\t\t\t\t\t\t\t<img fetchpriority=\"high\" decoding=\"async\" width=\"768\" height=\"576\" src=\"https:\/\/agrosanservicios.cl\/wp-content\/uploads\/2026\/03\/IMG_1025-768x576.jpeg\" class=\"attachment-medium_large size-medium_large wp-image-426\" alt=\"\" srcset=\"https:\/\/agrosanservicios.cl\/wp-content\/uploads\/2026\/03\/IMG_1025-768x576.jpeg 768w, https:\/\/agrosanservicios.cl\/wp-content\/uploads\/2026\/03\/IMG_1025-300x225.jpeg 300w, https:\/\/agrosanservicios.cl\/wp-content\/uploads\/2026\/03\/IMG_1025-1024x768.jpeg 1024w, https:\/\/agrosanservicios.cl\/wp-content\/uploads\/2026\/03\/IMG_1025-1536x1152.jpeg 1536w, https:\/\/agrosanservicios.cl\/wp-content\/uploads\/2026\/03\/IMG_1025-2048x1536.jpeg 2048w\" sizes=\"(max-width: 768px) 100vw, 768px\" \/>\t\t\t\t\t\t\t\t\t\t\t\t\t<\/div>\n\t\t\t\t<\/div>\n\t\t\t\t\t<\/div>\n\t\t\t\t<\/div>\n\t\t\t\t<\/div>\n\t\t","protected":false},"excerpt":{"rendered":"<p>Arriendo de Ba\u00f1os Qu\u00edmicos en Mar\u00eda Pinto En Agrosan Servicios nos especializamos en brindar soluciones sanitarias de alta calidad para el sector agr\u00edcola y proyectos de construcci\u00f3n en parcelas. Entregamos equipos sanitarios port\u00e1tiles certificados, con mantenciones programadas que garantizan higiene y cumplimiento de normativas en toda la comuna.<\/p>\n","protected":false},"author":1,"featured_media":0,"parent":0,"menu_order":0,"comment_status":"closed","ping_status":"closed","template":"","meta":{"_joinchat":[],"footnotes":""},"class_list":["post-452","page","type-page","status-publish","hentry"],"yoast_head":"<!-- This site is optimized with the Yoast SEO plugin v27.1.1 - https:\/\/yoast.com\/product\/yoast-seo-wordpress\/ -->\n<title>Curacav\u00ed - Agrosan Servicios<\/title>\n<meta name=\"robots\" content=\"index, follow, max-snippet:-1, max-image-preview:large, max-video-preview:-1\" \/>\n<link rel=\"canonical\" href=\"https:\/\/agrosanservicios.cl\/index.php\/curacavi\/\" \/>\n<meta property=\"og:locale\" content=\"es_ES\" \/>\n<meta property=\"og:type\" content=\"article\" \/>\n<meta property=\"og:title\" content=\"Curacav\u00ed - Agrosan Servicios\" \/>\n<meta property=\"og:description\" content=\"Arriendo de Ba\u00f1os Qu\u00edmicos en Mar\u00eda Pinto En Agrosan Servicios nos especializamos en brindar soluciones sanitarias de alta calidad para el sector agr\u00edcola y proyectos de construcci\u00f3n en parcelas. Entregamos equipos sanitarios port\u00e1tiles certificados, con mantenciones programadas que garantizan higiene y cumplimiento de normativas en toda la comuna.\" \/>\n<meta property=\"og:url\" content=\"https:\/\/agrosanservicios.cl\/index.php\/curacavi\/\" \/>\n<meta property=\"og:site_name\" content=\"Agrosan Servicios\" \/>\n<meta property=\"article:publisher\" content=\"https:\/\/www.facebook.com\/profile.php?id=61574143601919&amp;locale=es_LA\" \/>\n<meta property=\"article:modified_time\" content=\"2026-03-11T22:22:24+00:00\" \/>\n<meta property=\"og:image\" content=\"https:\/\/agrosanservicios.cl\/wp-content\/uploads\/2026\/03\/IMG_1025-scaled.jpeg\" \/>\n\t<meta property=\"og:image:width\" content=\"2560\" \/>\n\t<meta property=\"og:image:height\" content=\"1920\" \/>\n\t<meta property=\"og:image:type\" content=\"image\/jpeg\" \/>\n<meta name=\"twitter:card\" content=\"summary_large_image\" \/>\n<meta name=\"twitter:label1\" content=\"Tiempo estimado de lectura\" \/>\n\t<meta name=\"twitter:data1\" content=\"1 minuto\" \/>\n<script type=\"application\/ld+json\" class=\"yoast-schema-graph\">{\"@context\":\"https:\/\/schema.org\",\"@graph\":[{\"@type\":\"WebPage\",\"@id\":\"https:\/\/agrosanservicios.cl\/index.php\/curacavi\/\",\"url\":\"https:\/\/agrosanservicios.cl\/index.php\/curacavi\/\",\"name\":\"Curacav\u00ed - Agrosan Servicios\",\"isPartOf\":{\"@id\":\"https:\/\/agrosanservicios.cl\/#website\"},\"primaryImageOfPage\":{\"@id\":\"https:\/\/agrosanservicios.cl\/index.php\/curacavi\/#primaryimage\"},\"image\":{\"@id\":\"https:\/\/agrosanservicios.cl\/index.php\/curacavi\/#primaryimage\"},\"thumbnailUrl\":\"https:\/\/agrosanservicios.cl\/wp-content\/uploads\/2026\/03\/IMG_1025-768x576.jpeg\",\"datePublished\":\"2026-03-11T22:19:42+00:00\",\"dateModified\":\"2026-03-11T22:22:24+00:00\",\"breadcrumb\":{\"@id\":\"https:\/\/agrosanservicios.cl\/index.php\/curacavi\/#breadcrumb\"},\"inLanguage\":\"es-CL\",\"potentialAction\":[{\"@type\":\"ReadAction\",\"target\":[\"https:\/\/agrosanservicios.cl\/index.php\/curacavi\/\"]}]},{\"@type\":\"ImageObject\",\"inLanguage\":\"es-CL\",\"@id\":\"https:\/\/agrosanservicios.cl\/index.php\/curacavi\/#primaryimage\",\"url\":\"https:\/\/agrosanservicios.cl\/wp-content\/uploads\/2026\/03\/IMG_1025-scaled.jpeg\",\"contentUrl\":\"https:\/\/agrosanservicios.cl\/wp-content\/uploads\/2026\/03\/IMG_1025-scaled.jpeg\",\"width\":2560,\"height\":1920},{\"@type\":\"BreadcrumbList\",\"@id\":\"https:\/\/agrosanservicios.cl\/index.php\/curacavi\/#breadcrumb\",\"itemListElement\":[{\"@type\":\"ListItem\",\"position\":1,\"name\":\"Portada\",\"item\":\"https:\/\/agrosanservicios.cl\/\"},{\"@type\":\"ListItem\",\"position\":2,\"name\":\"Curacav\u00ed\"}]},{\"@type\":\"WebSite\",\"@id\":\"https:\/\/agrosanservicios.cl\/#website\",\"url\":\"https:\/\/agrosanservicios.cl\/\",\"name\":\"Agrosan Servicios\",\"description\":\"Soluciones Sanitarias y Equipamiento Port\u00e1til\",\"publisher\":{\"@id\":\"https:\/\/agrosanservicios.cl\/#organization\"},\"potentialAction\":[{\"@type\":\"SearchAction\",\"target\":{\"@type\":\"EntryPoint\",\"urlTemplate\":\"https:\/\/agrosanservicios.cl\/?s={search_term_string}\"},\"query-input\":{\"@type\":\"PropertyValueSpecification\",\"valueRequired\":true,\"valueName\":\"search_term_string\"}}],\"inLanguage\":\"es-CL\"},{\"@type\":\"Organization\",\"@id\":\"https:\/\/agrosanservicios.cl\/#organization\",\"name\":\"Agrosan Servicios\",\"url\":\"https:\/\/agrosanservicios.cl\/\",\"logo\":{\"@type\":\"ImageObject\",\"inLanguage\":\"es-CL\",\"@id\":\"https:\/\/agrosanservicios.cl\/#\/schema\/logo\/image\/\",\"url\":\"https:\/\/agrosanservicios.cl\/wp-content\/uploads\/2024\/06\/logo-removebg-preview-1-e1773325508810.png\",\"contentUrl\":\"https:\/\/agrosanservicios.cl\/wp-content\/uploads\/2024\/06\/logo-removebg-preview-1-e1773325508810.png\",\"width\":379,\"height\":316,\"caption\":\"Agrosan Servicios\"},\"image\":{\"@id\":\"https:\/\/agrosanservicios.cl\/#\/schema\/logo\/image\/\"},\"sameAs\":[\"https:\/\/www.facebook.com\/profile.php?id=61574143601919&locale=es_LA\"]}]}<\/script>\n<!-- \/ Yoast SEO plugin. -->","yoast_head_json":{"title":"Curacav\u00ed - Agrosan Servicios","robots":{"index":"index","follow":"follow","max-snippet":"max-snippet:-1","max-image-preview":"max-image-preview:large","max-video-preview":"max-video-preview:-1"},"canonical":"https:\/\/agrosanservicios.cl\/index.php\/curacavi\/","og_locale":"es_ES","og_type":"article","og_title":"Curacav\u00ed - Agrosan Servicios","og_description":"Arriendo de Ba\u00f1os Qu\u00edmicos en Mar\u00eda Pinto En Agrosan Servicios nos especializamos en brindar soluciones sanitarias de alta calidad para el sector agr\u00edcola y proyectos de construcci\u00f3n en parcelas. Entregamos equipos sanitarios port\u00e1tiles certificados, con mantenciones programadas que garantizan higiene y cumplimiento de normativas en toda la comuna.","og_url":"https:\/\/agrosanservicios.cl\/index.php\/curacavi\/","og_site_name":"Agrosan Servicios","article_publisher":"https:\/\/www.facebook.com\/profile.php?id=61574143601919&locale=es_LA","article_modified_time":"2026-03-11T22:22:24+00:00","og_image":[{"width":2560,"height":1920,"url":"https:\/\/agrosanservicios.cl\/wp-content\/uploads\/2026\/03\/IMG_1025-scaled.jpeg","type":"image\/jpeg"}],"twitter_card":"summary_large_image","twitter_misc":{"Tiempo estimado de lectura":"1 minuto"},"schema":{"@context":"https:\/\/schema.org","@graph":[{"@type":"WebPage","@id":"https:\/\/agrosanservicios.cl\/index.php\/curacavi\/","url":"https:\/\/agrosanservicios.cl\/index.php\/curacavi\/","name":"Curacav\u00ed - Agrosan Servicios","isPartOf":{"@id":"https:\/\/agrosanservicios.cl\/#website"},"primaryImageOfPage":{"@id":"https:\/\/agrosanservicios.cl\/index.php\/curacavi\/#primaryimage"},"image":{"@id":"https:\/\/agrosanservicios.cl\/index.php\/curacavi\/#primaryimage"},"thumbnailUrl":"https:\/\/agrosanservicios.cl\/wp-content\/uploads\/2026\/03\/IMG_1025-768x576.jpeg","datePublished":"2026-03-11T22:19:42+00:00","dateModified":"2026-03-11T22:22:24+00:00","breadcrumb":{"@id":"https:\/\/agrosanservicios.cl\/index.php\/curacavi\/#breadcrumb"},"inLanguage":"es-CL","potentialAction":[{"@type":"ReadAction","target":["https:\/\/agrosanservicios.cl\/index.php\/curacavi\/"]}]},{"@type":"ImageObject","inLanguage":"es-CL","@id":"https:\/\/agrosanservicios.cl\/index.php\/curacavi\/#primaryimage","url":"https:\/\/agrosanservicios.cl\/wp-content\/uploads\/2026\/03\/IMG_1025-scaled.jpeg","contentUrl":"https:\/\/agrosanservicios.cl\/wp-content\/uploads\/2026\/03\/IMG_1025-scaled.jpeg","width":2560,"height":1920},{"@type":"BreadcrumbList","@id":"https:\/\/agrosanservicios.cl\/index.php\/curacavi\/#breadcrumb","itemListElement":[{"@type":"ListItem","position":1,"name":"Portada","item":"https:\/\/agrosanservicios.cl\/"},{"@type":"ListItem","position":2,"name":"Curacav\u00ed"}]},{"@type":"WebSite","@id":"https:\/\/agrosanservicios.cl\/#website","url":"https:\/\/agrosanservicios.cl\/","name":"Agrosan Servicios","description":"Soluciones Sanitarias y Equipamiento Port\u00e1til","publisher":{"@id":"https:\/\/agrosanservicios.cl\/#organization"},"potentialAction":[{"@type":"SearchAction","target":{"@type":"EntryPoint","urlTemplate":"https:\/\/agrosanservicios.cl\/?s={search_term_string}"},"query-input":{"@type":"PropertyValueSpecification","valueRequired":true,"valueName":"search_term_string"}}],"inLanguage":"es-CL"},{"@type":"Organization","@id":"https:\/\/agrosanservicios.cl\/#organization","name":"Agrosan Servicios","url":"https:\/\/agrosanservicios.cl\/","logo":{"@type":"ImageObject","inLanguage":"es-CL","@id":"https:\/\/agrosanservicios.cl\/#\/schema\/logo\/image\/","url":"https:\/\/agrosanservicios.cl\/wp-content\/uploads\/2024\/06\/logo-removebg-preview-1-e1773325508810.png","contentUrl":"https:\/\/agrosanservicios.cl\/wp-content\/uploads\/2024\/06\/logo-removebg-preview-1-e1773325508810.png","width":379,"height":316,"caption":"Agrosan Servicios"},"image":{"@id":"https:\/\/agrosanservicios.cl\/#\/schema\/logo\/image\/"},"sameAs":["https:\/\/www.facebook.com\/profile.php?id=61574143601919&locale=es_LA"]}]}},"_links":{"self":[{"href":"https:\/\/agrosanservicios.cl\/index.php\/wp-json\/wp\/v2\/pages\/452","targetHints":{"allow":["GET"]}}],"collection":[{"href":"https:\/\/agrosanservicios.cl\/index.php\/wp-json\/wp\/v2\/pages"}],"about":[{"href":"https:\/\/agrosanservicios.cl\/index.php\/wp-json\/wp\/v2\/types\/page"}],"author":[{"embeddable":true,"href":"https:\/\/agrosanservicios.cl\/index.php\/wp-json\/wp\/v2\/users\/1"}],"replies":[{"embeddable":true,"href":"https:\/\/agrosanservicios.cl\/index.php\/wp-json\/wp\/v2\/comments?post=452"}],"version-history":[{"count":6,"href":"https:\/\/agrosanservicios.cl\/index.php\/wp-json\/wp\/v2\/pages\/452\/revisions"}],"predecessor-version":[{"id":458,"href":"https:\/\/agrosanservicios.cl\/index.php\/wp-json\/wp\/v2\/pages\/452\/revisions\/458"}],"wp:attachment":[{"href":"https:\/\/agrosanservicios.cl\/index.php\/wp-json\/wp\/v2\/media?parent=452"}],"curies":[{"name":"wp","href":"https:\/\/api.w.org\/{rel}","templated":true}]}}